e p(2).
-1
Let d(o) = -o**3 - 31*o**2 + 228*o + 209. Give d(-37).
-13
Let a(j) = j**3 - 17*j**2 - 41*j + 28. What is a(19)?
-29
Let j(l) = l**3 - 14*l**2 - 13*l + 89. Determine j(12).
-355
Let r(a) = -2*a**3 + 89*a**2 - 133*a + 171. Give r(43).
-1
Let t(z) = -116*z + 1982. Calculate t(16).
126
Let m(i) = i**3 + 145*i**2 + 3*i + 432. Determine m(-145).
-3
Let u(q) = 6*q**2 - 520*q - 176. What is u(87)?
-2
Let y(c) = 5590*c + 61512. Give y(-11).
22
Let u(f) = 239*f + 3838. What is u(-16)?
14
Let n(x) = -2*x**3 + 80*x**2 - 100*x + 136. What is n(39)?
-722
Let t(q) = -3*q - 111. What is t(-6)?
-93
Let m(d) = -65*d + 960. Give m(14).
50
Let i(o) = -o**3 + 26*o**2 - 42*o - 139. Give i(24).
5
Let j(l) = l**3 - 59*l**2 + 122*l - 456. What is j(57)?
0
Let f(m) = -m**2 - 83*m + 447. Determine f(5).
7
Let w(x) = 78*x - 649. Give w(7).
-103
Let o(a) = -8*a - 128. Give o(-14).
-16
Let b(t) = -2*t**2 - 23*t + 135. Calculate b(7).
-124
Let o(y) = -137*y**2 - 8632*y - 67. Give o(-63).
-4
Let q(j) = -9*j**3 - 63*j**2 + 14*j + 112. What is q(-7)?
14
Let b(x) = -38*x - 175. Give b(-3).
-61
Let o(i) = 13*i**2 - 442*i + 60. What is o(34)?
60
Let r(d) = -37*d - 71. Give r(-3).
40
Let x(p) = 135*p - 457. Determine x(4).
83
Let c(b) = -108*b + 1097. Give c(10).
17
Let s(t) = t**2 - 738*t + 1463. Determine s(2).
-9
Let n(a) = -a**3 + 36*a**2 - 178*a - 60. Determine n(30).
0
Let u(n) = 220*n + 14729. Determine u(-67).
-11
Let m(f) = f**2 - 298*f - 2765. Determine m(-9).
-2
Let i(z) = z**3 + 101*z**2 + 397*z + 23. What is i(-4)?
-13
Let v(q) = -q**3 + 15*q**2 - 16*q + 16. Calculate v(9).
358
Let j(i) = -19*i**2 + 344*i + 321. Give j(19).
-2
Let w(t) = -2*t - 29. Determine w(13).
-55
Let z(k) = k**2 + 8*k - 114. Determine z(9).
39
Let v(y) = 6*y**3 - 3*y**2 + 11*y - 27. What is v(5)?
703
Let c(x) = x**2 - 41*x + 109. Calculate c(37).
-39
Let j(k) = -k**2 - 16*k + 767. What is j(-37)?
-10
Let d(v) = v**3 - 11*v**2 - 23*v + 32. What is d(11)?
-221
Let r(v) = -6*v**2 - 612*v - 6949. Determine r(-13).
-7
Let k(m) = m**3 + 13*m**2 + 42*m + 340. What is k(-12)?
-20
Let g(m) = -m**3 + 17*m**2 - 23*m - 293. Give g(14).
-27
Let t(r) = -r**2 + 100*r - 850. Determine t(92).
-114
Let u(f) = 3*f**2 + 49*f - 48. Determine u(-14).
-146
Let q(z) = 18*z**2 - 326*z + 27. What is q(18)?
-9
Let h(p) = 13*p**3 + 3*p**2 - p + 1. Calculate h(-2).
-89
Let k(s) = -765*s + 3825. Give k(5).
0
Let a(n) = 3*n**2 - 80*n + 49. What is a(26)?
-3
Let h(x) = 2*x**2 - 66*x + 65. Determine h(1).
1
Let t(z) = 12*z**3 - 62*z**2 + 11*z - 5. Give t(5).
0
Let f(p) = 72*p + 522. What is f(-6)?
90
Let l(p) = p**3 + 3*p**2 - 81*p - 249. What is l(-9)?
-6
Let x(j) = -j**3 - j**2 + 23*j - 9. Calculate x(-8).
255
Let b(c) = -c**3 + 43*c**2 - 180*c - 3502. What is b(35)?
-2
Let g(z) = 14*z - 419. Calculate g(30).
1
Let s(v) = -v**2 - 448*v + 11795. Give s(25).
-30
Let y(f) = -272*f + 7. What is y(0)?
7
Let w(b) = -b**3 + 103*b**2 - 199*b - 295. What is w(101)?
8
Let r(u) = 634*u - 22199. Determine r(35).
-9
Let h(l) = l**3 + 8*l**2 + 20*l + 130. Calculate h(-8).
-30
Let i(r) = -7*r - 60. Calculate i(-40).
220
Let n(r) = r**2 - 32*r + 215. Give n(23).
8
Let u(a) = a**3 + 17*a**2 + 2*a - 361. What is u(-14)?
199
Let o(z) = z**3 - 26*z**2 - 20*z - 222. What is o(26)?
-742
Let g(m) = m**3 - 45*m**2 - 92*m - 100. Determine g(47).
-6
Let x(l) = 20*l + 1878. What is x(-94)?
-2
Let c(q) = -3*q**2 + 23*q + 7. Calculate c(10).
-63
Let u(j) = 4*j**2 - 5*j + 50. What is u(14)?
764
Let y(c) = 409*c - 65840. Calculate y(161).
9
Let z(u) = -u**3 + 8*u**2 + 28*u + 14. Determine z(11).
-41
Let n(h) = 3*h**3 + 451*h**2 + 149*h - 149. Give n(-150).
1
Let x(r) = -6*r**3 + 233*r**2 + 38*r + 30. Determine x(39).
-9
Let p(g) = -13*g**3 - 2*g**2 - 3*g + 4. Determine p(1).
-14
Let t(n) = 2*n**3 - 2*n**2 - 29*n + 99. Give t(3).
48
Let k(z) = -116*z - 1159. Give k(-10).
1
Let k(i) = -i**3 + 5*i**2 - 42*i + 290. Calculate k(6).
2
Let y(z) = -17*z + 284. Determine y(18).
-22
Let m(w) = w**2 + 40*w + 294. Calculate m(-10).
-6
Let w(s) = 102*s + 374. What is w(-8)?
-442
Let p(v) = 7*v**2 + 114*v - 115. What is p(1)?
6
Let u(v) = 307*v + 6447. Determine u(-21).
0
Let p(a) = -4*a**3 + 10*a**2 + 265*a - 4. Calculate p(-7).
3
Let s(g) = -3*g**2 + 15*g + 10. Calculate s(6).
-8
Let x(a) = -2*a**3 - a**2 + 6*a + 19. Calculate x(0).
19
Let w(a) = 18*a**2 - 183*a - 5. Determine w(10).
-35
Let w(f) = -2*f**2 - 16*f - 40. Calculate w(-4).
-8
Let f(q) = -48*q + 22. What is f(2)?
-74
Let a(h) = -87*h - 593. Determine a(-7).
16
Let j(s) = -2*s**2 + 32*s + 574. Give j(25).
124
Let l(c) = 2*c**2 - 30*c - 40. Give l(19).
112
Let i(c) = -150*c - 4521. Give i(-30).
-21
Let z(y) = -40*y + 127. Give z(-5).
327
Let o(c) = -6*c**2 - 3*c + 16. Give o(8).
-392
Let p(i) = 3*i**2 - 68*i - 132. Give p(25).
43
Let a(x) = -132*x - 1738. Determine a(-14).
110
Let q(m) = 558*m - 2897. Calculate q(5).
-107
Let u(g) = -95*g - 347. Give u(-4).
33
Let r(v) = 17*v**2 - 2757*v - 2297. Give r(163).
-15
Let l(r) = 413*r + 2156. Give l(-6).
-322
Let g(y) = -28*y - 1337. What is g(-48)?
7
Let p(n) = n**3 - 20*n**2 + 95*n - 5. Calculate p(7).
23
Let k(x) = -75*x**2 - 6*x + 7. Give k(1).
-74
Let k(z) = z**3 - 41*z**2 + 83*z - 106. Calculate k(39).
89
Let g(n) = n**2 - 29*n + 105. What is g(5)?
-15
Let k(y) = 42*y - 102. Determine k(6).
150
Let d(b) = 5349*b - 16049. What is d(3)?
-2
Let i(f) = -160*f + 2556. Calculate i(16).
-4
Let r(j) = -j**3 - 20*j**2 - 15*j + 9. Determine r(-19).
-67
Let x(k) = k**3 + 42*k**2 + 42*k - 63. What is x(-41)?
-104
Let b(u) = 49*u - 1521. Calculate b(31).
-2
Let a(m) = -224*m - 1827. Give a(-8).
-35
Let l(q) = -274*q - 133. What is l(-1)?
141
Let o(w) = w**3 + 5*w**2 - 15*w - 67. Calculate o(-8).
-139
Let b(q) = -680*q - 19047. Give b(-28).
-7
Let c(v) = v**3 - 140*v**2 + 2305*v - 727. What is c(121)?
-1
Let h(l) = l**3 - 103*l**2 + 328*l + 6751. Determine h(99).
19
Let x(m) = -20*m**2 + 23*m + 9. Calculate x(-3).
-240
Let w(m) = -5*m**3 + 193*m**2 + 95*m - 654. What is w(39)?
9
Let h(v) = 2*v - 142. Determine h(25).
-92
Let l(v) = v**2 - 635*v + 3164. Calculate l(5).
14
Let o(b) = 50*b**2 + 487*b + 331. Determine o(-9).
-2
Let w(i) = i**2 - 21*i - 5. What is w(3)?
-59
Let o(c) = -3*c**3 + 12*c**2 + 25*c. Give o(-5).
550
Let i(l) = 44*l + 427. What is i(-44)?
-1509
Let z(o) = 19*o**2 - 18*o + 77. Give z(4).
309
Let r(v) = 33*v + 498. Calculate r(-14).
36
Let k(y) = -17*y**2 - 826*y + 825. Give k(1).
-18
Let p(l) = -l**2 - 51*l + 9332. Calculate p(74).
82
Let u(c) = 2*c**2 + 96*c + 632. Give u(-9).
-70
Let x(n) = -7*n + 530. Calculate x(36).
278
Let g(x) = -x**2 - 213*x + 61. Give g(0).
61
Let y(a) = a**3 + 23*a**2 + 104*a - 120. Calculate y(-16).
8
Let s(o) = 195*o + 8000. What is s(-41)?
5
Let q(v) = 5*v**2 - 1032*v - 14259. Give q(-13).
2
Let j(o) = o**2 + 108*o + 214. Give j(-106).
2
Let k(w) = w**3 + 20*w**2 - 22*w + 60. What is k(-21)?
81
Let w(c) = 154*c + 293. Give w(-2).
-15
Let l(i) = i**3 + 8*i**2 - 236*i - 1882. Calculate l(-8).
6
Let l(h) = -19*h + 87. What is l(4)?
11
Let w(u) = u**3 - 36*u**2 + 30*u + 221. What is w(35)?
46
Let g(p) = -9*p**2 - 96*p - 253. Give g(-6).
-1
Let y(p) = 346*p + 2233. What is y(-6)?
157
Let j(n) = 10*n - 289. What is j(28)?
-9
Let i(w) = -w**3 - 9*w**2 + 4*w + 25. Calculate i(-9).
-11
Let u(s) = 3*s**3 - 24*s**2 - 68*s + 630. Calculate u(7).
7
Let a(g) = -37*g**3 - g**2 + 131*g + 269. Give a(-2).
299
Let m(l) = l**3 - 122*l**2 + 1120*l - 29. What is m(112)?
-29
Let i(s) = 2*s**3 + 116*s**2 + s + 69. Calculate i(-58).
11
Let k(c) = -2*c**3 + 23*c**2 - 4*c + 71. Calculate k(12).
-121
Let c(n) = -n**3 + 15*n**2 - 70*n + 1. Determine c(12).
-407
Let g(x) = -4539*x + 58996. Determine g(13).
-11
Let q(h) = 200*h - 8801. Give q(44).
-1
Let v(u) = -409*u**2 - 52*u - 51. Calculate v(-1).
-408
Let o(i) = -2*i**2 - 46*i - 370. Determine o(-22).
-326
Let s(l) = 2*l**2 + 26*l + 85. Determine s(-4).
13
Let m(p) = -116*p + 589. Give m(5).
9
Let j(y) = y**2 + 46*y + 31. Determine j(-47).
78
Let z(a) = -44*a - 47. What is z(3)?
-179
Let j(y) = y**2 + 9*y + 35. Give j(-13).
87
Let s(o) = 2668*o + 13346. Calculate s(-5).
6
Let i(h) = -h**3 + 29*h**2 - 59*h + 130. Determine i(27).
-5
Let g(d) = 1265*d - 7595. Determine g(6).
-5
Let s